 when 965 is divided by 44?
41
Calculate the remainder when 245 is divided by 225.
20
What is the remainder when 112 is divided by 42?
28
Calculate the remainder when 370 is divided by 12.
10
Calculate the remainder when 505 is divided by 39.
37
What is the remainder when 3695 is divided by 66?
65
Calculate the remainder when 47 is divided by 45.
2
What is the remainder when 108 is divided by 81?
27
What is the remainder when 319 is divided by 19?
15
Calculate the remainder when 252 is divided by 26.
18
Calculate the remainder when 154 is divided by 27.
19
What is the remainder when 216 is divided by 28?
20
Calculate the remainder when 180 is divided by 32.
20
What is the remainder when 40 is divided by 21?
19
What is the remainder when 355 is divided by 51?
49
Calculate the remainder when 116 is divided by 15.
11
Calculate the remainder when 704 is divided by 96.
32
Calculate the remainder when 110 is divided by 28.
26
What is the remainder when 375 is divided by 8?
7
Calculate the remainder when 755 is divided by 207.
134
Calculate the remainder when 385 is divided by 77.
0
What is the remainder when 97 is divided by 10?
7
Calculate the remainder when 273 is divided by 12.
9
What is the remainder when 2252 is divided by 44?
8
What is the remainder when 114 is divided by 13?
10
What is the remainder when 2879 is divided by 60?
59
What is the remainder when 907 is divided by 14?
11
Calculate the remainder when 243 is divided by 132.
111
What is the remainder when 11 is divided by 7?
4
What is the remainder when 217 is divided by 76?
65
What is the remainder when 104 is divided by 49?
6
What is the remainder when 68 is divided by 25?
18
Calculate the remainder when 2212 is divided by 735.
7
What is the remainder when 4984 is divided by 27?
16
Calculate the remainder when 2897 is divided by 241.
5
Calculate the remainder when 13451 is divided by 76.
75
Calculate the remainder when 1065 is divided by 97.
95
Calculate the remainder when 947 is divided by 41.
4
Calculate the remainder when 114 is divided by 16.
2
Calculate the remainder when 27036 is divided by 40.
36
Calculate the remainder when 27 is divided by 15.
12
Calculate the remainder when 54 is divided by 29.
25
What is the remainder when 111 is divided by 31?
18
What is the remainder when 980 is divided by 463?
54
Calculate the remainder when 413 is divided by 13.
10
What is the remainder when 173 is divided by 166?
7
What is the remainder when 95 is divided by 77?
18
What is the remainder when 869 is divided by 146?
139
What is the remainder when 1545 is divided by 508?
21
What is the remainder when 1960 is divided by 179?
170
Calculate the remainder when 328 is divided by 47.
46
Calculate the remainder when 348 is divided by 68.
8
Calculate the remainder when 309 is divided by 81.
66
Calculate the remainder when 188 is divided by 4.
0
Calculate the remainder when 89 is divided by 24.
17
Calculate the remainder when 62 is divided by 39.
23
What is the remainder when 13723 is divided by 25?
23
What is the remainder when 269 is divided by 55?
49
Calculate the remainder when 703 is divided by 38.
19
Calculate the remainder when 71 is divided by 4.
3
Calculate the remainder when 58 is divided by 11.
3
Calculate the remainder when 1543 is divided by 509.
16
What is the remainder when 1620 is divided by 513?
81
Calculate the remainder when 794 is divided by 40.
34
Calculate the remainder when 66 is divided by 10.
6
What is the remainder when 2158 is divided by 9?
7
What is the remainder when 706 is divided by 59?
57
Calculate the remainder when 516 is divided by 122.
28
Calculate the remainder when 8 is divided by 1.
0
What is the remainder when 59 is divided by 30?
29
What is the remainder when 210 is divided by 27?
21
What is the remainder when 124 is divided by 42?
40
Calculate the remainder when 1178 is divided by 364.
86
What is the remainder when 395 is divided by 4?
3
What is the remainder when 1123 is divided by 45?
43
What is the remainder when 208 is divided by 105?
103
What is the remainder when 214 is divided by 74?
66
Calculate the remainder when 184 is divided by 63.
58
What is the remainder when 884 is divided by 15?
14
Calculate the remainder when 452 is divided by 149.
5
What is the remainder when 168 is divided by 44?
36
Calculate the remainder when 2720 is divided by 113.
8
Calculate the remainder when 2178 is divided by 275.
253
Calculate the remainder when 112 is divided by 106.
6
What is the remainder when 89 is divided by 82?
7
Calculate the remainder when 10174 is divided by 16.
14
Calculate the remainder when 183 is divided by 63.
57
Calculate the remainder when 1796 is divided by 180.
176
Calculate the remainder when 7505 is divided by 54.
53
What is the remainder when 85 is divided by 55?
30
What is the remainder when 944 is divided by 216?
80
What is the remainder when 9555 is divided by 118?
115
What is the remainder when 1818 is divided by 605?
3
Calculate the remainder when 90 is divided by 23.
21
Calculate the remainder when 3443 is divided by 42.
41
What is the remainder when 1579 is divided by 7?
4
What is the remainder when 1383 is divided by 81?
6
What is the remainder when 94 is divided by 11?
6
What is the remainder when 136 is divided by 119?
17
Calculate the remainder when 40 is divided by 31.
9
Calculate the remainder when 165 is divided by 62.
41
Calculate the remainder when 4020 is divided by 61.
55
What is the remainder when 2055 is divided by 14?
11
Calculate the remainder when 1528 is divided by 278.
138
Calculate the remainder when 878 is divided by 298.
282
What is the remainder when 187 is divided by 21?
19
What is the remainder when 15 is divided by 14?
1
Calculate the remainder when 28233 is divided by 26.
23
What is the remainder when 126 is divided by 45?
36
What is the remainder when 3528 is divided by 35?
28
Calculate the remainder when 14357 is divided by 173.
171
What is the remainder when 2205 is divided by 731?
12
Calculate the remainder when 14029 is divided by 23.
22
What is the remainder when 501 is divided by 131?
108
Calculate the remainder when 147 is divided by 10.
7
Calculate the remainder when 15 is divided by 12.
3
Calculate the remainder when 4221 is divided by 22.
19
What is the remainder when 1696 is divided by 50?
46
What is the remainder when 5197 is divided by 104?
101
What is the remainder when 374 is divided by 126?
122
Calculate the remainder when 230 is divided by 107.
16
What is the remainder when 1068 is divided by 17?
14
Calculate the remainder when 1017 is divided by 144.
9
Calculate the remainder when 145 is divided by 25.
20
Calculate the remainder when 181 is divided by 86.
9
Calculate the remainder when 80 is divided by 44.
36
Calculate the remainder when 14698 is divided by 100.
98
What is the remainder when 217 is divided by 22?
19
Calculate the remainder when 31 is divided by 19.
12
Calculate the remainder when 271 is divided by 16.
15
Calculate the remainder when 2550 is divided by 846.
12
What is the remainder when 27 is divided by 13?
1
What is the remainder when 179 is divided by 30?
29
What is the remainder when 831 is divided by 94?
79
What is the remainder when 1291 is divided by 17?
16
What is the remainder when 776 is divided by 21?
20
What is the remainder when 46 is divided by 44?
2
Calculate the remainder when 870 is divided by 109.
107
Calculate the remainder when 95 is divided by 14.
11
Calculate the remainder when 180 is divided by 13.
11
What is the remainder when 284 is divided by 63?
32
Calculate the remainder when 455 is divided by 116.
107
Calculate the remainder when 2622 is divided by 35.
32
Calculate the remainder when 102 is divided by 20.
2
What is the remainder when 2899 is divided by 161?
1
Calculate the remainder when 1793 is divided by 121.
99
Calculate the remainder when 485 is divided by 61.
58
Calculate the remainder when 1809 is divided by 200.
9
What is the remainder when 414 is divided by 26?
24
What is the remainder when 460 is divided by 25?
10
Calculate the remainder when 9851 is divided by 116.
107
Calculate the remainder when 161 is divided by 4.
1
Calculate the remainder when 147 is divided by 30.
27
What is the remainder when 27 is divided by 26?
1
What is t